 f be ((-4)/16)/((-2)/(-8)). What is the units digit of (-66 - (-2 + -2))/f?
2
Suppose -5*d = 3*f - 325, -d - 3*d - 5*f + 247 = 0. Let b = 270 - d. What is the hundreds digit of b?
2
Let b be -1 + ((-223)/2)/(15/(-30)). Let h = b + -155. What is the units digit of h?
7
Let d(x) = x**3 + x**2 - x + 15. Let o(w) = w**3 - 3*w**2 + w - 3. Let v be o(3). Suppose j + 2*j = v. What is the tens digit of d(j)?
1
Suppose v = -2*v + 12, -5*v + 114 = -b. Let c = -54 - b. What is the units digit of c?
0
Suppose 3*u + 26 = -22. Let r = u - -40. What is the tens digit of r?
2
Suppose 5*g + 2 = 12. Suppose -t + 4 = g. Suppose -4*f + 56 = -i, 0*f + t*f - 2*i = 22. What is the tens digit of f?
1
What is the tens digit of (-244)/6*(-1860)/40?
9
Let c = 16 - 34. Let o = 34 + c. What is the tens digit of o?
1
Suppose 2*l = 5*x - 23, 2*l - 15 = -2*x - 3*l. Suppose 18 = -2*u + x*u. Suppose -u = -z + 2. What is the units digit of z?
8
Suppose -567*p + 8237 = -562*p + 4*c, 5*c = 4*p - 6565. What is the tens digit of p?
4
Suppose -35*l + 2228 = -33*l. What is the hundreds digit of l?
1
Suppose 3*d = -0*o + o + 2, -3 = -5*o + 2*d. Let z be (0 + o)/(3/21). Suppose 0 = -z*u + u + 12. What is the units digit of u?
2
Let b = 1 + -1. Suppose 3*w - 2*h - 22 = -b*h, 5*w - h = 32. What is the units digit of 42/w + 2 + -1?
8
Let y(t) be the third derivative of t**6/120 + t**4/24 + 19*t**3/6 + 265*t**2. Suppose -4*a = -2*a. What is the units digit of y(a)?
9
Let y be 2/(26/(-10) - -3). Let t(q) = 19*q**2 + 7*q - 1. Let h(o) = 19*o**2 + 6*o - 1. Let c(a) = y*h(a) - 4*t(a). What is the units digit of c(1)?
0
Let y(m) = 2*m**2 + m - 4. Let o be y(2). What is the units digit of 15/o*-44*-1?
0
Suppose l + l = 0. Suppose -2*x + 89 + 91 = l. What is the tens digit of x?
9
Let q(k) = 15*k**2 - 17*k + 1. What is the tens digit of q(5)?
9
Suppose 1 = x - 6. Suppose 0 = g - 5*d + x, -3*g = -6*g + d + 7. What is the units digit of g?
3
Suppose -4*x - 4*j + 45 = 9, -2*x + 2*j + 6 = 0. Let z(k) = k - 4. Let g be z(x). What is the tens digit of 388/16 - g/8?
2
Suppose 8*q + 3 = 11*q. Suppose g + 3 = 2*g. What is the units digit of (-37)/(-3) - q/g?
2
Let x(b) = -7*b**3 - 2*b**2 - 2*b - 5. Let o be x(-3). Let r = o + -144. What is the tens digit of r?
2
Let a(k) = -4*k**3 + 5*k**2 - 3*k - 6. Let l be a(4). Let t = 325 + l. What is the tens digit of t?
3
Suppose -5*x + 12 = y, 0 = 5*y - 4 + 19. Suppose h = -0*o + 5*o + 22, -12 = -x*o. Suppose 3*z = -2*a + 75, h = a - 2*z - 13. What is the units digit of a?
5
Let j(o) be the first derivative of -3*o**2 + 18*o + 15. What is the units digit of j(-7)?
0
What is the thousands digit of (6/4)/(9/18) - -1068?
1
Let x(h) = h**3 - 16*h**2 + 17*h - 5. Let f(o) = -2*o**3 + 33*o**2 - 35*o + 9. Let n(y) = -3*f(y) - 5*x(y). What is the units digit of n(18)?
4
Let a = -18 + 3. What is the tens digit of (-3)/a - (-89)/5?
1
Let x(d) be the first derivative of -5*d**4/4 + d**3 + 3*d**2/2 + 3*d + 8. What is the units digit of x(-2)?
9
Let m(v) be the third derivative of v**6/120 - 3*v**5/20 + v**4/6 - v**3/6 + 3*v**2. Let i be m(4). Let z = -22 - i. What is the tens digit of z?
4
Suppose 9*x = 45 + 117. Suppose 0 = 4*g - 34 - x. What is the units digit of g?
3
Let v = 3907 - 2010. What is the tens digit of v?
9
Let k(b) = -b**2 - b + 15. Let j(r) = r**2 - 14. Let p(w) = 7*j(w) + 6*k(w). Let l be p(7). What is the units digit of ((-4)/(-8))/(l/(-38))?
9
Let p(j) = -j - 8. Let h be p(-11). Suppose -73 = -3*k + 2*y, -h*k = -k - 3*y - 52. What is the tens digit of k?
2
Suppose -3*s = -2*r - r - 378, 4*r = 3*s - 381. Suppose -3*f = -3*x + s, 0 = x - f + 4*f - 57. What is the units digit of x?
5
Let a be (-2)/(-6) - 14/(-3). Suppose -3*d - 23 + 5 = -2*n, -d = -n + 7. Suppose -2*c - a*x = -60, n*x + 60 = 2*c - x. What is the tens digit of c?
3
What is the units digit of (-3)/9*(-509 + 11)?
6
Let f(i) = 1 + 16*i**3 + i + 0 + 44*i**3. Let u be f(-1). What is the units digit of u/(-14) - (-2)/(-7)?
4
What is the tens digit of 108*(230/(-207))/((-1)/9)?
8
Let z(o) = o**2 - 6*o + 6. Let g be z(3). What is the units digit of 6/g*249*10/(-30)?
6
Let m = 713 + -344. What is the hundreds digit of m?
3
Let d(g) = -22*g - 115. What is the tens digit of d(-27)?
7
Let p = 10 - 2. Suppose 5*n = 7 + p. Suppose 2*t + 3*l - 13 = 0, -l - 41 = -n*t - 2*t. What is the units digit of t?
8
Suppose 0 = -2*l - 3*l + 55. What is the tens digit of l?
1
Let u(p) = p**2 - 4*p - 11. Let q be u(6). What is the hundreds digit of (-2990)/(-30) + q/3?
1
Let g = 0 - -4. Let m be (6/g)/(12/16). Suppose -m*v + 7 = -57. What is the units digit of v?
2
Let d(q) = q**3 - 5*q**2 + 8*q - 10. Let p be d(4). Suppose p*w - 41 = 5*w. What is the tens digit of w?
4
Let r be -2*(-3)/27 + (-11)/9. What is the units digit of r/((-1)/((-675)/2697) + -4)?
5
Let t = -103 - -179. What is the units digit of 6*(t/8 + 1)?
3
Let z(u) = 26*u**2 - 2*u - 6. Let k be z(4). Suppose -2*i + k = 4*x - 0*i, -12 = -4*i. What is the units digit of x?
9
Suppose -8*a = -10*a + 12. Let m(i) = i**3 - 6*i**2 + 5. Let j be m(a). Suppose j*c - 90 = -5*h, c - 134 = -5*h - 56. What is the tens digit of h?
1
Let a be ((-1)/2)/(1/2). Suppose 2*c = 1 + 15. What is the units digit of c*(a - (-9)/6)?
4
Suppose 19*x = 15*x - 4*n + 3764, -3*x + 2820 = 2*n. What is the tens digit of x?
3
Suppose -5*g = -v - 74, -2*g = -3*g - 5*v + 20. Let o(p) = p - 8. Let w be o(0). What is the units digit of 42/g - w/(-10)?
2
Let c(p) = 3*p**2 + 5*p - 1. Let v(z) = 2 + 8 - z + 0*z. Let a be v(14). What is the tens digit of c(a)?
2
Suppose 0 = a + 144 - 42. Let f = a + 194. What is the tens digit of f?
9
Suppose -21658 = -31*t + 14*t. What is the thousands digit of t?
1
Suppose 3*u - 33 = 3. Let k be 3/u + (-219)/(-4). Suppose -i + 22 = 2*a, -a = -4*i + k + 33. What is the units digit of i?
2
Let o = -34 + 19. Let w be (-2 + 5)/(1/o). What is the units digit of (w/(-25))/(6/20)?
6
Let d = 100 + -97. Let k(m) = m**2 + 2*m + 3. Let h be k(-2). What is the units digit of (h*-3)/d + 34?
1
Suppose 3 = 2*q - 1. Suppose q*g = 6*g. Suppose -3*w + 34 + 5 = g. What is the units digit of w?
3
Let u(y) = y - 6. Let n be u(9). Suppose 0 = n*d - 0*d - 9. Suppose -i = -d*k, -5*i + k + 11 = -31. What is the units digit of i?
9
Suppose -1 = -b + 2. Suppose -5*z + 368 - 93 = 3*j, -j = b*z - 89. What is the tens digit of j?
9
Let s = 258 + -126. Suppose -7*a + s = -3*a. What is the tens digit of a?
3
Let s = 762 - 519. What is the hundreds digit of s?
2
Let m be 620/(-20)*(-1 + 0). Suppose -y + 5 = 0, n - m = -4*y + 4. What is the units digit of n?
5
Suppose -4*i = -3*z + 3810, -2*i = -4*z + 3237 + 1843. What is the hundreds digit of z?
2
Let w(d) = 326*d + 201. What is the thousands digit of w(7)?
2
What is the tens digit of (72/(-40) - -3) + (-8217)/(-15)?
4
Suppose 24 = -5*a + 139. Suppose -5*u + 3*s - a = 1, 5*s = -5*u. What is the units digit of 2/u*54/(-4)?
9
Let w = -3 - -6. Let z(j) = -j**2 + 7. Let t be z(w). What is the units digit of (t/3)/((-2)/24)?
8
Let x = 79 - 82. What is the hundreds digit of -2 - (1 - (3 + (-432)/x))?
1
Let d be (-10)/(3 - -2)*4. Let x(s) = -24*s + 15. What is the hundreds digit of x(d)?
2
What is the units digit of 4/(-6)*(-7 + -67 - -8)?
4
Let f(u) = u**3 + 5*u**2 + 4*u. Let g be f(-4). Suppose 5*z - 365 = -g*z. What is the tens digit of z?
7
Suppose -4*q + 18420 = 5*y, 50*q - 4*y + 18416 = 54*q. What is the thousands digit of q?
4
Let x(u) = 21*u - 154. What is the units digit of x(28)?
4
Suppose -2*h = 3*v - 8*v - 5108, -v + 2554 = h. What is the tens digit of h?
5
Suppose -4*y + 6*y = -30. Let q be (-125)/2*12/y. What is the units digit of 260/q + (-1)/5?
5
Suppose 4*s + 3*h - 116 = 0, -6*s - 3*h + 142 = -s. Let m = s + -13. What is the units digit of m?
3
Suppose 86 = -5*u + 6. Let y be -1 - (-4)/(u/20). What is the tens digit of 2/(-3) + (-64)/y?
1
Let b(a) = 8*a**2 - 30*a - 2. Let f be b(-12). Suppose 5*k = 5*d + f, -k - d + 287 = d. What is the units digit of k?
7
Suppose -93 = -2*g - 3*k, -4*g + k + 121 + 100 = 0. Let t = 18 + -52. Let w = t + g. What is the tens digit of w?
2
Let z(d) = -26 + 7 + d - 2*d + 10. Let i be z(-11). Suppose -r = i - 18. What is the units digit of r?
6
What is the hundreds digit of (-10)/(-6)*3 + (475 - -5)?
4
Sup